{"id":52331,"date":"2022-11-02T13:16:06","date_gmt":"2022-11-02T13:16:06","guid":{"rendered":"https:\/\/www.resort-interiorart.dk\/home\/?post_type=product&#038;p=52331"},"modified":"2023-11-01T08:09:17","modified_gmt":"2023-11-01T08:09:17","slug":"spunk-club-bronze","status":"publish","type":"product","link":"https:\/\/www.resort-interiorart.dk\/home\/vare\/spunk-club-bronze","title":{"rendered":"Spunk club bronze"},"content":{"rendered":"<p>Spunk kl\u00f8r bronze. M\u00e5l 50\u00d770 cm. Printet p\u00e5 230 gram fine art papir.<\/p>\n<p>Spunk Club \u00a0bronze. Size 50\u00d770 cm. Printet on 230 gram fine art paper.<\/p>\n","protected":false},"excerpt":{"rendered":"<p>Spunk kl\u00f8r bronze. M\u00e5l 50\u00d770 cm. Printet p\u00e5 230 gram fine art papir. Spunk Club \u00a0bronze. Size 50\u00d770 cm. Printet on 230 gram fine art paper.<\/p>\n","protected":false},"featured_media":53817,"comment_status":"open","ping_status":"closed","template":"","meta":[],"product_brand":[],"product_cat":[305],"product_tag":[],"class_list":{"0":"post-52331","1":"product","2":"type-product","3":"status-publish","4":"has-post-thumbnail","6":"product_cat-interior","8":"first","9":"instock","10":"taxable","11":"shipping-taxable","12":"purchasable","13":"product-type-simple"},"_links":{"self":[{"href":"https:\/\/www.resort-interiorart.dk\/home\/wp-json\/wp\/v2\/product\/52331","targetHints":{"allow":["GET"]}}],"collection":[{"href":"https:\/\/www.resort-interiorart.dk\/home\/wp-json\/wp\/v2\/product"}],"about":[{"href":"https:\/\/www.resort-interiorart.dk\/home\/wp-json\/wp\/v2\/types\/product"}],"replies":[{"embeddable":true,"href":"https:\/\/www.resort-interiorart.dk\/home\/wp-json\/wp\/v2\/comments?post=52331"}],"wp:featuredmedia":[{"embeddable":true,"href":"https:\/\/www.resort-interiorart.dk\/home\/wp-json\/wp\/v2\/media\/53817"}],"wp:attachment":[{"href":"https:\/\/www.resort-interiorart.dk\/home\/wp-json\/wp\/v2\/media?parent=52331"}],"wp:term":[{"taxonomy":"product_brand","embeddable":true,"href":"https:\/\/www.resort-interiorart.dk\/home\/wp-json\/wp\/v2\/product_brand?post=52331"},{"taxonomy":"product_cat","embeddable":true,"href":"https:\/\/www.resort-interiorart.dk\/home\/wp-json\/wp\/v2\/product_cat?post=52331"},{"taxonomy":"product_tag","embeddable":true,"href":"https:\/\/www.resort-interiorart.dk\/home\/wp-json\/wp\/v2\/product_tag?post=52331"}],"curies":[{"name":"wp","href":"https:\/\/api.w.org\/{rel}","templated":true}]}}